{"id":303,"date":"2020-11-21T20:46:37","date_gmt":"2020-11-21T20:46:37","guid":{"rendered":"http:\/\/kainz-eisenberger.at\/wop\/?page_id=303"},"modified":"2020-11-23T20:56:51","modified_gmt":"2020-11-23T20:56:51","slug":"dein-informationsgespraech","status":"publish","type":"page","link":"https:\/\/kainz-eisenberger.at\/index.php\/dein-informationsgespraech\/","title":{"rendered":"Dein Informationsgespr\u00e4ch"},"content":{"rendered":"\n<p>M\u00f6chtest du dich ges\u00fcnder ern\u00e4hren, schlechte Gewohnheiten los werden oder mehr \u00fcber die Traditionelle Europ\u00e4ische Medizin erfahren?<\/p>\n\n\n\n<p>Ich gebe dir gerne wertvolle Tipps, wie du die &#8222;schlechten Gewohnheiten&#8220; los wirst, oder zumindest minimierst.<\/p>\n\n\n\n<p>Mein Ziel ist es, den Umstieg von alten Lastern zu echten Lebensmitteln, so genussvoll wie m\u00f6glich zu gestalten.<\/p>\n\n\n\n<p>Denn gesund darf nicht nur schmecken &#8211; es muss schmecken.<\/p>\n\n\n\n<p>Bei einem individuellen Kochkurs, (ca. 3 Std.\/\u20ac 220,-) den ich gerne auf deine Bed\u00fcrfnisse abstimme, ziehe ich dir den Betrag vom Erstgespr\u00e4ch automatisch ab.<\/p>\n\n\n\n<p>Hierf\u00fcr kannst du auch gerne noch 3 Personen mitbringen. (Wenn du m\u00f6chtest auch mehr, allerdings muss ich dann zus\u00e4tzlich noch einen Lebensmittelbeitrag einrechnen.)<\/p>\n\n\n\n<p>Ort: Eisenbergerhof, 8045 Weinitzen<\/p>\n\n\n\n<h2 class=\"wp-block-heading\">Kontakt<\/h2>\n\n\n\n<p>Elisabeth Kainz-Eisenberger<br><a href=\"mailto:mailto:elisabeth@eisenberger.at?Subject=Dein Informationsgespr\u00e4ch\">elisabeth@eisenberger.at<\/a><br><a href=\"tel:0664 \/ 73 03 2446\">0664 \/ 73 03 2446<\/a><\/p>\n\n\n\n<h2 class=\"wp-block-heading\">Preis<\/h2>\n\n\n\n<p>\u20ac 45,-\/60 min<\/p>\n","protected":false},"excerpt":{"rendered":"<p>M\u00f6chtest du dich ges\u00fcnder ern\u00e4hren, schlechte Gewohnheiten los werden oder mehr \u00fcber die Traditionelle Europ\u00e4ische Medizin erfahren? Ich gebe dir&hellip;<\/p>\n","protected":false},"author":1,"featured_media":208,"parent":0,"menu_order":0,"comment_status":"closed","ping_status":"closed","template":"","meta":{"footnotes":""},"_links":{"self":[{"href":"https:\/\/kainz-eisenberger.at\/index.php\/wp-json\/wp\/v2\/pages\/303"}],"collection":[{"href":"https:\/\/kainz-eisenberger.at\/index.php\/wp-json\/wp\/v2\/pages"}],"about":[{"href":"https:\/\/kainz-eisenberger.at\/index.php\/wp-json\/wp\/v2\/types\/page"}],"author":[{"embeddable":true,"href":"https:\/\/kainz-eisenberger.at\/index.php\/wp-json\/wp\/v2\/users\/1"}],"replies":[{"embeddable":true,"href":"https:\/\/kainz-eisenberger.at\/index.php\/wp-json\/wp\/v2\/comments?post=303"}],"version-history":[{"count":3,"href":"https:\/\/kainz-eisenberger.at\/index.php\/wp-json\/wp\/v2\/pages\/303\/revisions"}],"predecessor-version":[{"id":315,"href":"https:\/\/kainz-eisenberger.at\/index.php\/wp-json\/wp\/v2\/pages\/303\/revisions\/315"}],"wp:featuredmedia":[{"embeddable":true,"href":"https:\/\/kainz-eisenberger.at\/index.php\/wp-json\/wp\/v2\/media\/208"}],"wp:attachment":[{"href":"https:\/\/kainz-eisenberger.at\/index.php\/wp-json\/wp\/v2\/media?parent=303"}],"curies":[{"name":"wp","href":"https:\/\/api.w.org\/{rel}","templated":true}]}}